63408?
True
Does 645 divide 388935?
True
Is 15 a factor of 5066?
False
Is 7 a factor of 189329?
True
Is 1710 a multiple of 6?
True
Is 1600 a factor of 4659200?
True
Does 13 divide 4131138?
False
Does 19 divide 253897?
True
Is 21 a factor of 883029?
True
Does 35 divide 66425?
False
Does 47 divide 80211?
False
Is 6633541 a multiple of 82?
False
Is 1693182 a multiple of 59?
True
Is 109686 a multiple of 3?
True
Does 36 divide 5899680?
True
Does 166 divide 660653?
False
Does 135 divide 1482420?
False
Is 334110 a multiple of 74?
True
Is 643 a factor of 10931?
True
Is 12995 a multiple of 115?
True
Is 13 a factor of 458364?
False
Does 51 divide 4896?
True
Does 7 divide 2934550?
False
Is 388466 a multiple of 48?
False
Does 156 divide 7142148?
True
Is 150 a factor of 7573500?
True
Is 770035 a multiple of 49?
True
Does 42 divide 2886639?
False
Is 276052 a multiple of 28?
True
Does 72 divide 948672?
True
Does 1195 divide 5825291?
False
Is 23 a factor of 371141?
False
Is 1420 a factor of 2178578?
False
Is 38 a factor of 80408?
True
Is 90 a factor of 109440?
True
Does 646 divide 8453?
False
Is 508920 a multiple of 24?
True
Is 3384860 a multiple of 179?
False
Is 21 a factor of 234045?
True
Is 37 a factor of 342213?
True
Does 337 divide 71781?
True
Is 1966482 a multiple of 223?
False
Is 10 a factor of 87496?
False
Does 202 divide 110748?
False
Is 228966 even?
True
Is 115713 a multiple of 17?
False
Is 1023981 a multiple of 30?
False
Is 14 a factor of 3362106?
False
Is 10 a factor of 4603481?
False
Does 2 divide 1008821?
False
Is 28 a factor of 344354?
False
Is 8164416 a multiple of 30?
False
Is 673 a factor of 152771?
True
Does 20 divide 210968?
False
Is 105654 a multiple of 6?
True
Does 14 divide 2965494?
True
Is 218 a factor of 681250?
True
Is 2173106 a multiple of 1007?
True
Does 498 divide 1624476?
True
Is 2439627 a multiple of 4?
False
Is 396218 a multiple of 222?
False
Is 104 a factor of 369096?
True
Is 7254 a multiple of 279?
True
Is 3897702 a multiple of 6?
True
Does 91 divide 2809261?
True
Is 36 a factor of 3125?
False
Is 89 a factor of 72780?
False
Is 161334 a multiple of 18?
True
Does 272 divide 113902?
False
Does 295 divide 580560?
True
Is 11655873 a multiple of 171?
True
Does 139 divide 102860?
True
Is 15 a factor of 24925?
False
Is 4001500 a multiple of 604?
True
Is 455 a factor of 5385835?
True
Does 5 divide 53105?
True
Is 3852446 a multiple of 13?
True
Is 85 a factor of 19695?
False
Is 31 a factor of 46407?
True
Does 78 divide 7403277?
False
Does 155 divide 10844211?
False
Is 257712 a multiple of 52?
True
Does 38 divide 750204?
False
Is 1036097 a multiple of 82?
False
Is 10 a factor of 2091009?
False
Is 10 a factor of 570862?
False
Does 27 divide 11254464?
True
Is 69636 a multiple of 236?
False
Does 106 divide 39297?
False
Does 25 divide 1417086?
False
Is 12 a factor of 102000?
True
Does 30 divide 1183260?
True
Is 22563 a multiple of 27?
False
Is 19 a factor of 777432?
False
Does 51 divide 10607?
False
Does 1361 divide 734940?
True
Is 38 a factor of 2342502?
False
Is 43 a factor of 352084?
True
Is 31 a factor of 78678?
True
Is 183705 a multiple of 128?
False
Is 305 a factor of 226310?
True
Is 4504773 a multiple of 21?
True
Is 274133 a multiple of 388?
False
Is 19 a factor of 2325429?
True
Is 1240798 a multiple of 174?
False
Is 384 a factor of 809251?
False
Is 324 a factor of 60264?
True
Is 17 a factor of 2812977?
False
Does 27 divide 1233225?
True
Does 24 divide 274054?
False
Does 77 divide 264540?
False
Does 173 divide 196368?
False
Is 6190 a multiple of 23?
False
Is 137 a factor of 203197?
False
Does 187 divide 182715?
False
Is 854 a factor of 1287832?
True
Is 282741 a multiple of 79?
True
Is 7702090 a multiple of 313?
False
Does 25 divide 94383?
False
Is 8464554 a multiple of 54?
True
Does 92 divide 2704920?
False
Is 53019 a multiple of 9?
True
Does 90 divide 5014350?
True
Is 750145 a multiple of 115?
True
Is 7652868 a multiple of 18?
False
Does 8 divide 26645?
False
Is 16 a factor of 8866?
False
Is 325 a factor of 1330950?
False
Does 6 divide 1478838?
True
Is 99 a factor of 280269?
True
Does 145 divide 7293480?
False
Is 2911597 a multiple of 228?
False
Is 407 a factor of 1294596?
False
Is 970120 a multiple of 158?
True
Is 209 a factor of 550506?
True
Does 20 divide 2834840?
True
Is 8 a factor of 38103?
False
Does 76 divide 571520?
True
Is 16961014 a multiple of 76?
False
Is 14 a factor of 572779?
False
Is 2652592 a multiple of 193?
True
Is 215 a factor of 2366505?
True
Is 245 a factor of 5144438?
False
Does 4 divide 85631?
False
Is 102 a factor of 210498?
False
Is 294912 a multiple of 9?
True
Does 33 divide 7293?
True
Is 1729 a factor of 24253608?
False
Is 62 a factor of 218313?
False
Does 10 divide 776560?
True
Does 5 divide 736149?
False
Does 126 divide 524160?
True
Is 10620 a multiple of 118?
True
Is 530357 a multiple of 5?
False
Does 79 divide 2779373?
False
Is 1647717 a multiple of 241?
True
Is 4 a factor of 367810?
False
Is 5 a factor of 7123310?
True
Is 4 a factor of 75920?
True
Does 9 divide 329233?
False
Does 204 divide 137691?
False
Does 6 divide 2004132?
True
Is 342 a factor of 1273950?
True
Is 4245804 a multiple of 16?
False
Does 13 divide 8411832?
True
Is 422382 a multiple of 2?
True
Does 45 divide 754560?
True
Is 577660 a multiple of 34?
True
Is 28 a factor of 1474620?
True
Is 3 a factor of 5292?
True
Is 3 a factor of 3148875?
True
Is 1719 a factor of 8705016?
True
Is 5078990 a multiple of 1369?
True
Is 21 a factor of 48304?
False
Is 499278 a multiple of 37?
True
Is 5694984 a multiple of 24?
True
Is 4 a factor of 291649?
False
Does 39 divide 180186?
False
Is 2 a factor of 7728?
True
Is 89735 even?
False
Is 3480768 a multiple of 6?
True
Is 340376 a multiple of 271?
True
Does 14 divide 440427?
False
Is 6823432 a multiple of 38?
True
Is 30996 a multiple of 128?
False
Is 65 a factor of 517592?
False
Is 3860579 a multiple of 229?
False
Does 10 divide 189128?
False
Is 10 a factor of 92470?
True
Is 102 a factor of 1056729?
False
Does 39 divide 3403569?
True
Is 125 a factor of 557625?
True
Is 1968457 a multiple of 331?
True
Does 8 divide 5271785?
False
Is 90 a factor of 82000?
False
Is 788628 a multiple of 14?
False
Does 3 divide 45988?
False
Is 15 a factor of 32227016?
False
Is 1645513 a multiple of 4?
False
Does 77 divide 197197?
True
Is 680 a factor of 3580880?
True
Is 45 a factor of 4047?
False
Is 325584 a multiple of 12?
True
Is 28357940 a multiple of 20?
True
Does 390 divide 240240?
True
Is 88 a factor of 1304353?
False
Is 412377 a multiple of 38?
False
Is 5248 a multiple of 4?
True
Is 58483 a multiple of 18?
False
Is 196 a factor of 7481320?
True
Is 187199 a multiple of 8?
False
Is 308115 a multiple of 15?
True
Is 25 a factor of 9775?
True
Is 98537 a multiple of 15?
False
Does 39 divide 18493?
False
Is 1926375 a multiple of 11?
True
Does 232 divide 15680115?
False
Is 152812 a multiple of 46?
True
Is 12880978 a multiple of 317?
True
Is 64 a factor of 45824?
True
Does 23 divide 4751812?
False
Does 653 divide 260065?
False
Is 18758 a multiple of 166?
True
Is 6 a factor of 291042?
True
Is 12378720 a multiple of 60?
True
Is 68264 a multiple of 92?
True
Is 325962 a multiple of 2?
True
Does 180 divide 6903900?
True
Does 181 divide 527434?
True
Does 5 divide 141983?
False
Does 66 divide 3994236?
False
Is 4 a factor of 176027?
False
Is 774072 a multiple of 24?
True
Is 507 a factor of 6426697?
False
Is 608616 a multiple of 72?
True
Is 852086 a multiple of 89?
True
Is 365 a factor of 161604?
False
Is 99 a factor of 38651?
False
Does 592 divide 16294202?
False
Is 1520927 a multiple of 61?
False
Is 3305148 a multiple of 66?
True
Does 406 divide 150626?
True
Is 25891721 a multiple of 12?
False
Is 190 a factor of 754760?
False
Is 457640 a multiple of 170?
True
Is 6 a factor of 195548?
False
Is 37 a factor of 2658524?
True
Is 899232 a multiple of 17?
True
Is 102 a factor of 243061?
False
Is 2203545 a multiple of 28?
False
Is 11 a factor of 180466?
True
Does 476 divide 5589668?
True
Is 1770800 a multiple of 5?
True
Is 138 a factor of 3576822?
True
Is 5632161 a multiple of 29?
False
Does 21 divide 202045?
False
Is 1059912 a multiple of 72?
True
Is 1656276 a multiple of 8?
False
Is 94 a factor of 1886580?
True
Does 87 divide 4508976?
False
I